{"id":66,"date":"2023-10-11T12:06:52","date_gmt":"2023-10-11T10:06:52","guid":{"rendered":"https:\/\/relais-farfadets.net\/blog\/?page_id=66"},"modified":"2023-10-11T12:06:52","modified_gmt":"2023-10-11T10:06:52","slug":"plan-du-site","status":"publish","type":"page","link":"https:\/\/relais-farfadets.net\/blog\/plan-du-site\/","title":{"rendered":"Plan du site"},"content":{"rendered":"<h2><a href=\"https:\/\/relais-farfadets.net\/blog\/a-la-une\/\" class=\"simple\">\u00c0 la une<\/a><\/h2><ul><li><a href=\"https:\/\/relais-farfadets.net\/blog\/a-la-une\/decouvrez-le-bonnet-farfadet-histoire-utilisations-et-creativite\/\" class=\"simple\">D\u00e9couvrez le Bonnet Farfadet : Histoire, Utilisations et Cr\u00e9ativit\u00e9<\/a><\/li><li><a href=\"https:\/\/relais-farfadets.net\/blog\/a-la-une\/le-bonnet-de-farfadet-histoire-signification-et-utilisations\/\" class=\"simple\">Le Bonnet de Farfadet : Histoire, Signification et Utilisations<\/a><\/li><li><a href=\"https:\/\/relais-farfadets.net\/blog\/a-la-une\/decouvrez-la-creperie-farfadet-un-voyage-au-coeur-des-saveurs-bretonnes\/\" class=\"simple\">D\u00e9couvrez la Cr\u00eaperie Farfadet : un Voyage au Coeur des Saveurs Bretonnes<\/a><\/li><li><a href=\"https:\/\/relais-farfadets.net\/blog\/a-la-une\/le-farfadet-rouge-du-mont-blanc-un-tresor-de-la-faune-alpine\/\" class=\"simple\">Le farfadet rouge du Mont-Blanc : un tr\u00e9sor de la faune alpine<\/a><\/li><li><a href=\"https:\/\/relais-farfadets.net\/blog\/a-la-une\/comprendre-les-farfadets-mythologie-caracteristiques-et-histoires-fascinantes\/\" class=\"simple\">Comprendre les farfadets : Mythologie, caract\u00e9ristiques et histoires fascinantes<\/a><\/li><li><a href=\"https:\/\/relais-farfadets.net\/blog\/a-la-une\/decouvrez-le-petit-farfadet-lunivers-enchante-des-lutins-en-france\/\" class=\"simple\">D\u00e9couvrez le Petit Farfadet : L&#039;univers enchant\u00e9 des lutins en France<\/a><\/li><li><a href=\"https:\/\/relais-farfadets.net\/blog\/a-la-une\/decouvrez-la-bastide-du-farfadet-histoire-activites-et-emerveillement\/\" class=\"simple\">D\u00e9couvrez la Bastide du Farfadet : Histoire, Activit\u00e9s et \u00c9merveillement<\/a><\/li><li><a href=\"https:\/\/relais-farfadets.net\/blog\/a-la-une\/decouvrez-la-creche-farfadet-un-lieu-chaleureux-pour-nos-enfants\/\" class=\"simple\">D\u00e9couvrez la cr\u00e8che Farfadet : un lieu chaleureux pour nos enfants<\/a><\/li><li><a href=\"https:\/\/relais-farfadets.net\/blog\/a-la-une\/decouvrez-lunivers-fascinant-des-farfadets-mythes-et-realites\/\" class=\"simple\">D\u00e9couvrez l&#039;univers fascinant des farfadets : mythes et r\u00e9alit\u00e9s<\/a><\/li><li><a href=\"https:\/\/relais-farfadets.net\/blog\/a-la-une\/decouvrez-la-creperie-le-farfadet-un-voyage-au-coeur-des-saveurs-bretonnes\/\" class=\"simple\">D\u00e9couvrez la cr\u00eaperie Le Farfadet : un voyage au c\u0153ur des saveurs bretonnes<\/a><\/li><li><a href=\"https:\/\/relais-farfadets.net\/blog\/a-la-une\/decouvrez-le-farfadet-a-sausheim-un-lieu-enchanteur-pour-petits-et-grands\/\" class=\"simple\">D\u00e9couvrez le Farfadet \u00e0 Sausheim : un lieu enchanteur pour petits et grands<\/a><\/li><li><a href=\"https:\/\/relais-farfadets.net\/blog\/a-la-une\/decouvrez-le-farfadet-de-sausheim-un-tresor-culturel-et-historique\/\" class=\"simple\">D\u00e9couvrez le farfadet de Sausheim : un tr\u00e9sor culturel et historique<\/a><\/li><li><a href=\"https:\/\/relais-farfadets.net\/blog\/a-la-une\/activite-farfadet-une-plongee-dans-le-monde-enchante-des-petits-lutins\/\" class=\"simple\">Activit\u00e9 Farfadet : Une Plong\u00e9e dans le Monde Enchant\u00e9 des Petits Lutins<\/a><\/li><li><a href=\"https:\/\/relais-farfadets.net\/blog\/a-la-une\/decouverte-du-farfadet-breton-mythes-et-realites\/\" class=\"simple\">D\u00e9couverte du Farfadet Breton : Mythes et R\u00e9alit\u00e9s<\/a><\/li><li><a href=\"https:\/\/relais-farfadets.net\/blog\/a-la-une\/decouvrez-le-farfadet-restaurant-une-evasion-culinaire-inoubliable\/\" class=\"simple\">D\u00e9couvrez le Farfadet Restaurant : Une \u00c9vasion Culinaire Inoubliable<\/a><\/li><li><a href=\"https:\/\/relais-farfadets.net\/blog\/a-la-une\/decouvrez-le-restaurant-farfadet-une-evasion-culinaire-enchantee\/\" class=\"simple\">D\u00e9couvrez le Restaurant Farfadet : Une \u00c9vasion Culinaire Enchant\u00e9e<\/a><\/li><li><a href=\"https:\/\/relais-farfadets.net\/blog\/a-la-une\/tout-savoir-sur-linsigne-farfadet-histoire-signification-et-utilisation\/\" class=\"simple\">Tout savoir sur l&#039;insigne farfadet : histoire, signification et utilisation<\/a><\/li><li><a href=\"https:\/\/relais-farfadets.net\/blog\/a-la-une\/decouvrez-le-farfadet-de-sausheim-histoires-et-traditions\/\" class=\"simple\">D\u00e9couvrez le farfadet de Sausheim : histoires et traditions<\/a><\/li><li><a href=\"https:\/\/relais-farfadets.net\/blog\/a-la-une\/tout-savoir-sur-les-farfadets-ces-creatures-legendaires-de-notre-folklore\/\" class=\"simple\">Tout savoir sur les farfadets : ces cr\u00e9atures l\u00e9gendaires de notre folklore<\/a><\/li><li><a href=\"https:\/\/relais-farfadets.net\/blog\/a-la-une\/decouvrez-le-restaurant-le-farfadet-une-experience-culinaire-inoubliable\/\" class=\"simple\">D\u00e9couvrez le restaurant Le Farfadet : une exp\u00e9rience culinaire inoubliable<\/a><\/li><\/ul><h2><a href=\"https:\/\/relais-farfadets.net\/blog\/conseils-voyageurs\/\" class=\"simple\">Conseils Voyageurs<\/a><\/h2><ul><li><a href=\"https:\/\/relais-farfadets.net\/blog\/conseils-voyageurs\/tout-savoir-sur-le-cheque-vacances-ancv-fonctionnement-et-avantages\/\" class=\"simple\">Tout savoir sur le Ch\u00e8que-Vacances ANCV : fonctionnement et avantages<\/a><\/li><\/ul><h2><a href=\"https:\/\/relais-farfadets.net\/blog\/destinations-et-voyages-authentiques\/\" class=\"simple\">Destinations et Voyages Authentiques<\/a><\/h2><ul><li><a href=\"https:\/\/relais-farfadets.net\/blog\/destinations-et-voyages-authentiques\/vacances-pour-parents-solo-les-destinations-et-activites-ideales-pour-se-ressourcer\/\" class=\"simple\">Vacances pour parents solo : les destinations et activit\u00e9s id\u00e9ales pour se ressourcer<\/a><\/li><li><a href=\"https:\/\/relais-farfadets.net\/blog\/destinations-et-voyages-authentiques\/week-end-en-foret-noire-conseils-pour-profiter-pleinement-de-la-nature\/\" class=\"simple\">Week-end en For\u00eat Noire : conseils pour profiter pleinement de la nature<\/a><\/li><li><a href=\"https:\/\/relais-farfadets.net\/blog\/destinations-et-voyages-authentiques\/week-end-en-foret-noire-decouvrez-ses-paysages-et-ses-randonnees-incontournables\/\" class=\"simple\">Week-end en For\u00eat Noire : d\u00e9couvrez ses paysages et ses randonn\u00e9es incontournables<\/a><\/li><li><a href=\"https:\/\/relais-farfadets.net\/blog\/destinations-et-voyages-authentiques\/week-end-dans-les-vosges-decouvrez-le-lac-de-gerardmer-et-ses-activites\/\" class=\"simple\">Week-end dans les Vosges : d\u00e9couvrez le lac de G\u00e9rardmer et ses activit\u00e9s<\/a><\/li><li><a href=\"https:\/\/relais-farfadets.net\/blog\/destinations-et-voyages-authentiques\/week-end-dans-les-vosges-itineraires-activites-et-incontournables-2025\/\" class=\"simple\">Week-end dans les Vosges : itin\u00e9raires, activit\u00e9s et incontournables 2025<\/a><\/li><li><a href=\"https:\/\/relais-farfadets.net\/blog\/destinations-et-voyages-authentiques\/que-faire-dans-le-morbihan-ce-week-end-activites-et-decouvertes-incontournables\/\" class=\"simple\">Que faire dans le Morbihan ce week-end : activit\u00e9s et d\u00e9couvertes incontournables<\/a><\/li><li><a href=\"https:\/\/relais-farfadets.net\/blog\/destinations-et-voyages-authentiques\/que-faire-en-normandie-ce-week-end-marches-de-noel-et-animations-feeriques\/\" class=\"simple\">Que faire en Normandie ce week-end : march\u00e9s de No\u00ebl et animations f\u00e9eriques<\/a><\/li><li><a href=\"https:\/\/relais-farfadets.net\/blog\/destinations-et-voyages-authentiques\/les-plus-beaux-villages-des-cevennes-un-voyage-au-coeur-du-patrimoine-naturel\/\" class=\"simple\">Les plus beaux villages des C\u00e9vennes : un voyage au c\u0153ur du patrimoine naturel<\/a><\/li><\/ul><h2><a href=\"https:\/\/relais-farfadets.net\/blog\/experiences-et-activites\/\" class=\"simple\">Exp\u00e9riences et Activit\u00e9s<\/a><\/h2><ul><li><a href=\"https:\/\/relais-farfadets.net\/blog\/experiences-et-activites\/que-faire-dans-le-morbihan-ce-week-end-activites-de-noel-et-croisieres-enchantees\/\" class=\"simple\">Que faire dans le Morbihan ce week-end : activit\u00e9s de No\u00ebl et croisi\u00e8res enchant\u00e9es<\/a><\/li><\/ul><h2><a href=\"https:\/\/relais-farfadets.net\/blog\/maisons-dhotes-de-charme\/\" class=\"simple\">Maisons d\u2019H\u00f4tes de Charme<\/a><\/h2><ul><li><a href=\"https:\/\/relais-farfadets.net\/blog\/maisons-dhotes-de-charme\/rencontrer-les-locaux-pourquoi-opter-pour-une-maison-dhote\/\" class=\"simple\">Rencontrer les locaux : pourquoi opter pour une maison d\u2019h\u00f4te<\/a><\/li><li><a href=\"https:\/\/relais-farfadets.net\/blog\/maisons-dhotes-de-charme\/le-charme-des-maisons-dhotes-face-aux-hotels-standardises\/\" class=\"simple\">Le charme des maisons d\u2019h\u00f4tes face aux h\u00f4tels standardis\u00e9s<\/a><\/li><li><a href=\"https:\/\/relais-farfadets.net\/blog\/maisons-dhotes-de-charme\/inspirations-de-voyage-maisons-dhotes-a-travers-le-monde\/\" class=\"simple\">Inspirations de voyage : maisons d\u2019h\u00f4tes \u00e0 travers le monde<\/a><\/li><li><a href=\"https:\/\/relais-farfadets.net\/blog\/maisons-dhotes-de-charme\/voyages-authentiques-le-role-des-maisons-dhotes\/\" class=\"simple\">Voyages authentiques : le r\u00f4le des maisons d\u2019h\u00f4tes<\/a><\/li><li><a href=\"https:\/\/relais-farfadets.net\/blog\/maisons-dhotes-de-charme\/experiences-uniques-sejourner-dans-une-maison-dhote\/\" class=\"simple\">Exp\u00e9riences uniques : s\u00e9journer dans une maison d\u2019h\u00f4te<\/a><\/li><li><a href=\"https:\/\/relais-farfadets.net\/blog\/maisons-dhotes-de-charme\/maisons-dhotes-lart-de-lhospitalite-locale\/\" class=\"simple\">Maisons d\u2019h\u00f4tes : l\u2019art de l\u2019hospitalit\u00e9 locale<\/a><\/li><li><a href=\"https:\/\/relais-farfadets.net\/blog\/maisons-dhotes-de-charme\/decouvrez-les-tresors-caches-grace-aux-maisons-dhotes\/\" class=\"simple\">D\u00e9couvrez les tr\u00e9sors cach\u00e9s gr\u00e2ce aux maisons d\u2019h\u00f4tes<\/a><\/li><li><a href=\"https:\/\/relais-farfadets.net\/blog\/maisons-dhotes-de-charme\/les-avantages-des-maisons-dhotes-lors-de-vos-voyages\/\" class=\"simple\">Les avantages des maisons d\u2019h\u00f4tes lors de vos voyages<\/a><\/li><li><a href=\"https:\/\/relais-farfadets.net\/blog\/maisons-dhotes-de-charme\/comment-choisir-une-maison-dhote-pour-un-voyage-authentique\/\" class=\"simple\">Comment choisir une maison d\u2019h\u00f4te pour un voyage authentique<\/a><\/li><li><a href=\"https:\/\/relais-farfadets.net\/blog\/maisons-dhotes-de-charme\/maisons-dhotes-un-hebergement-qui-raconte-une-histoire\/\" class=\"simple\">Maisons d\u2019h\u00f4tes : un h\u00e9bergement qui raconte une histoire<\/a><\/li><\/ul><h2><a href=\"https:\/\/relais-farfadets.net\/blog\/sejours-insolites\/\" class=\"simple\">S\u00e9jours Insolites<\/a><\/h2><ul><li><a href=\"https:\/\/relais-farfadets.net\/blog\/sejours-insolites\/les-meilleurs-campings-avec-parc-aquatique-en-ardeche-pour-un-ete-inoubliable\/\" class=\"simple\">Les meilleurs campings avec parc aquatique en Ard\u00e8che pour un \u00e9t\u00e9 inoubliable<\/a><\/li><li><a href=\"https:\/\/relais-farfadets.net\/blog\/sejours-insolites\/les-meilleurs-campings-a-arcachon-en-2025-pour-des-vacances-ensoleillees\/\" class=\"simple\">Les meilleurs campings \u00e0 Arcachon en 2025 pour des vacances ensoleill\u00e9es<\/a><\/li><li><a href=\"https:\/\/relais-farfadets.net\/blog\/sejours-insolites\/hotels-insolites-en-rhone-alpes-des-experiences-uniques-au-coeur-de-la-nature\/\" class=\"simple\">H\u00f4tels insolites en Rh\u00f4ne-Alpes : des exp\u00e9riences uniques au c\u0153ur de la nature<\/a><\/li><li><a href=\"https:\/\/relais-farfadets.net\/blog\/sejours-insolites\/nuit-insolite-en-seine-et-marne-experiences-uniques-a-moins-d1h-de-paris\/\" class=\"simple\">Nuit insolite en Seine-et-Marne : exp\u00e9riences uniques \u00e0 moins d\u20191h de Paris<\/a><\/li><li><a href=\"https:\/\/relais-farfadets.net\/blog\/sejours-insolites\/nuits-insolites-en-seine-et-marne-experiences-uniques-au-bord-de-leau\/\" class=\"simple\">Nuits insolites en Seine-et-Marne : exp\u00e9riences uniques au bord de l\u2019eau<\/a><\/li><li><a href=\"https:\/\/relais-farfadets.net\/blog\/sejours-insolites\/les-meilleures-cabanes-en-alsace-sejour-nature-unique-et-authentique\/\" class=\"simple\">Les meilleures cabanes en Alsace : s\u00e9jour nature unique et authentique<\/a><\/li><li><a href=\"https:\/\/relais-farfadets.net\/blog\/sejours-insolites\/cabane-alsace-lexperience-authentique-perchee-en-nature\/\" class=\"simple\">Cabane Alsace : l&#039;exp\u00e9rience authentique perch\u00e9e en nature<\/a><\/li><li><a href=\"https:\/\/relais-farfadets.net\/blog\/sejours-insolites\/location-mobil-home-a-vallon-pont-darc-conseils-pour-un-sejour-reussi\/\" class=\"simple\">Location mobil home \u00e0 Vallon Pont d\u2019Arc : conseils pour un s\u00e9jour r\u00e9ussi<\/a><\/li><li><a href=\"https:\/\/relais-farfadets.net\/blog\/sejours-insolites\/les-meilleurs-campings-avec-parc-aquatique-en-rhone-alpes-en-2026\/\" class=\"simple\">Les meilleurs campings avec parc aquatique en Rh\u00f4ne-Alpes en 2026<\/a><\/li><li><a href=\"https:\/\/relais-farfadets.net\/blog\/sejours-insolites\/cabane-dans-les-arbres-vosges-une-escapade-authentique-en-pleine-nature\/\" class=\"simple\">Cabane dans les arbres Vosges : une escapade authentique en pleine nature<\/a><\/li><li><a href=\"https:\/\/relais-farfadets.net\/blog\/sejours-insolites\/cabane-dans-les-arbres-a-fontainebleau-lexperience-insolite-a-1h-de-paris\/\" class=\"simple\">Cabane dans les arbres \u00e0 Fontainebleau : l\u2019exp\u00e9rience insolite \u00e0 1h de Paris<\/a><\/li><li><a href=\"https:\/\/relais-farfadets.net\/blog\/sejours-insolites\/les-cabanes-dans-les-arbres-des-vosges-une-evasion-naturelle-haut-de-gamme\/\" class=\"simple\">Les cabanes dans les arbres des Vosges : une \u00e9vasion naturelle haut de gamme<\/a><\/li><li><a href=\"https:\/\/relais-farfadets.net\/blog\/sejours-insolites\/camping-cheque-vacances-2025-comment-profiter-dun-sejour-abordable-en-pleine-nature\/\" class=\"simple\">Camping Ch\u00e8que Vacances 2025 : Comment profiter d\u2019un s\u00e9jour abordable en pleine nature<\/a><\/li><li><a href=\"https:\/\/relais-farfadets.net\/blog\/sejours-insolites\/camping-5-etoiles-en-dordogne-luxe-nature-et-experiences-exclusives\/\" class=\"simple\">Camping 5 \u00e9toiles en Dordogne : luxe, nature et exp\u00e9riences exclusives<\/a><\/li><li><a href=\"https:\/\/relais-farfadets.net\/blog\/sejours-insolites\/les-meilleurs-campings-bord-de-mer-a-gruissan-pour-des-vacances-ensoleillees\/\" class=\"simple\">Les meilleurs campings bord de mer \u00e0 Gruissan pour des vacances ensoleill\u00e9es<\/a><\/li><li><a href=\"https:\/\/relais-farfadets.net\/blog\/sejours-insolites\/camping-en-normandie-avec-piscine-pourquoi-cest-loption-ideale-malgre-le-climat\/\" class=\"simple\">Camping en Normandie avec piscine : pourquoi c\u2019est l\u2019option id\u00e9ale malgr\u00e9 le climat<\/a><\/li><li><a href=\"https:\/\/relais-farfadets.net\/blog\/sejours-insolites\/camping-au-lac-dannecy-en-2025-conseils-pour-des-vacances-nature-inoubliables\/\" class=\"simple\">Camping au lac d&#039;Annecy en 2025 : conseils pour des vacances nature inoubliables<\/a><\/li><\/ul>\n","protected":false},"excerpt":{"rendered":"","protected":false},"author":34,"featured_media":0,"parent":0,"menu_order":0,"comment_status":"closed","ping_status":"closed","template":"","meta":{"_acf_changed":false,"manual_indexmenow":false,"indexmenow_id_project":0,"footnotes":""},"class_list":["post-66","page","type-page","status-publish"],"acf":[],"yoast_head":"<!-- This site is optimized with the Yoast SEO Premium plugin v21.3 (Yoast SEO v26.5) - https:\/\/yoast.com\/wordpress\/plugins\/seo\/ -->\n<title>Plan du site<\/title>\n<meta name=\"robots\" content=\"index, follow, max-snippet:-1, max-image-preview:large, max-video-preview:-1\" \/>\n<link rel=\"canonical\" href=\"https:\/\/relais-farfadets.net\/blog\/plan-du-site\/\" \/>\n<meta property=\"og:locale\" content=\"fr_FR\" \/>\n<meta property=\"og:type\" content=\"article\" \/>\n<meta property=\"og:title\" content=\"Plan du site\" \/>\n<meta property=\"og:url\" content=\"https:\/\/relais-farfadets.net\/blog\/plan-du-site\/\" \/>\n<meta property=\"og:site_name\" content=\"relais-farfadets\" \/>\n<meta name=\"twitter:card\" content=\"summary_large_image\" \/>\n<script type=\"application\/ld+json\" class=\"yoast-schema-graph\">{\"@context\":\"https:\/\/schema.org\",\"@graph\":[{\"@type\":\"WebPage\",\"@id\":\"https:\/\/relais-farfadets.net\/blog\/plan-du-site\/\",\"url\":\"https:\/\/relais-farfadets.net\/blog\/plan-du-site\/\",\"name\":\"Plan du site\",\"isPartOf\":{\"@id\":\"https:\/\/relais-farfadets.net\/blog\/#website\"},\"datePublished\":\"2023-10-11T10:06:52+00:00\",\"inLanguage\":\"fr-FR\",\"potentialAction\":[{\"@type\":\"ReadAction\",\"target\":[\"https:\/\/relais-farfadets.net\/blog\/plan-du-site\/\"]}]},{\"@type\":\"WebSite\",\"@id\":\"https:\/\/relais-farfadets.net\/blog\/#website\",\"url\":\"https:\/\/relais-farfadets.net\/blog\/\",\"name\":\"relais-farfadets.net\",\"description\":\"Relais Farfadets, l&#039;univers magique pour toute la famille\",\"publisher\":{\"@id\":\"https:\/\/relais-farfadets.net\/blog\/#organization\"},\"alternateName\":\"Relais Farfadets, l'univers magique pour toute la famille\",\"potentialAction\":[{\"@type\":\"SearchAction\",\"target\":{\"@type\":\"EntryPoint\",\"urlTemplate\":\"https:\/\/relais-farfadets.net\/blog\/?s={search_term_string}\"},\"query-input\":{\"@type\":\"PropertyValueSpecification\",\"valueRequired\":true,\"valueName\":\"search_term_string\"}}],\"inLanguage\":\"fr-FR\"},{\"@type\":\"Organization\",\"@id\":\"https:\/\/relais-farfadets.net\/blog\/#organization\",\"name\":\"Foretsensations.fr\",\"url\":\"https:\/\/relais-farfadets.net\/blog\/\",\"logo\":{\"@type\":\"ImageObject\",\"inLanguage\":\"fr-FR\",\"@id\":\"https:\/\/relais-farfadets.net\/blog\/#\/schema\/logo\/image\/\",\"url\":\"https:\/\/relais-farfadets.net\/blog\/wp-content\/uploads\/2024\/12\/5.png\",\"contentUrl\":\"https:\/\/relais-farfadets.net\/blog\/wp-content\/uploads\/2024\/12\/5.png\",\"width\":500,\"height\":500,\"caption\":\"Foretsensations.fr\"},\"image\":{\"@id\":\"https:\/\/relais-farfadets.net\/blog\/#\/schema\/logo\/image\/\"}}]}<\/script>\n<!-- \/ Yoast SEO Premium plugin. -->","yoast_head_json":{"title":"Plan du site","robots":{"index":"index","follow":"follow","max-snippet":"max-snippet:-1","max-image-preview":"max-image-preview:large","max-video-preview":"max-video-preview:-1"},"canonical":"https:\/\/relais-farfadets.net\/blog\/plan-du-site\/","og_locale":"fr_FR","og_type":"article","og_title":"Plan du site","og_url":"https:\/\/relais-farfadets.net\/blog\/plan-du-site\/","og_site_name":"relais-farfadets","twitter_card":"summary_large_image","schema":{"@context":"https:\/\/schema.org","@graph":[{"@type":"WebPage","@id":"https:\/\/relais-farfadets.net\/blog\/plan-du-site\/","url":"https:\/\/relais-farfadets.net\/blog\/plan-du-site\/","name":"Plan du site","isPartOf":{"@id":"https:\/\/relais-farfadets.net\/blog\/#website"},"datePublished":"2023-10-11T10:06:52+00:00","inLanguage":"fr-FR","potentialAction":[{"@type":"ReadAction","target":["https:\/\/relais-farfadets.net\/blog\/plan-du-site\/"]}]},{"@type":"WebSite","@id":"https:\/\/relais-farfadets.net\/blog\/#website","url":"https:\/\/relais-farfadets.net\/blog\/","name":"relais-farfadets.net","description":"Relais Farfadets, l&#039;univers magique pour toute la famille","publisher":{"@id":"https:\/\/relais-farfadets.net\/blog\/#organization"},"alternateName":"Relais Farfadets, l'univers magique pour toute la famille","potentialAction":[{"@type":"SearchAction","target":{"@type":"EntryPoint","urlTemplate":"https:\/\/relais-farfadets.net\/blog\/?s={search_term_string}"},"query-input":{"@type":"PropertyValueSpecification","valueRequired":true,"valueName":"search_term_string"}}],"inLanguage":"fr-FR"},{"@type":"Organization","@id":"https:\/\/relais-farfadets.net\/blog\/#organization","name":"Foretsensations.fr","url":"https:\/\/relais-farfadets.net\/blog\/","logo":{"@type":"ImageObject","inLanguage":"fr-FR","@id":"https:\/\/relais-farfadets.net\/blog\/#\/schema\/logo\/image\/","url":"https:\/\/relais-farfadets.net\/blog\/wp-content\/uploads\/2024\/12\/5.png","contentUrl":"https:\/\/relais-farfadets.net\/blog\/wp-content\/uploads\/2024\/12\/5.png","width":500,"height":500,"caption":"Foretsensations.fr"},"image":{"@id":"https:\/\/relais-farfadets.net\/blog\/#\/schema\/logo\/image\/"}}]}},"_links":{"self":[{"href":"https:\/\/relais-farfadets.net\/blog\/wp-json\/wp\/v2\/pages\/66","targetHints":{"allow":["GET"]}}],"collection":[{"href":"https:\/\/relais-farfadets.net\/blog\/wp-json\/wp\/v2\/pages"}],"about":[{"href":"https:\/\/relais-farfadets.net\/blog\/wp-json\/wp\/v2\/types\/page"}],"author":[{"embeddable":true,"href":"https:\/\/relais-farfadets.net\/blog\/wp-json\/wp\/v2\/users\/34"}],"replies":[{"embeddable":true,"href":"https:\/\/relais-farfadets.net\/blog\/wp-json\/wp\/v2\/comments?post=66"}],"version-history":[{"count":1,"href":"https:\/\/relais-farfadets.net\/blog\/wp-json\/wp\/v2\/pages\/66\/revisions"}],"predecessor-version":[{"id":67,"href":"https:\/\/relais-farfadets.net\/blog\/wp-json\/wp\/v2\/pages\/66\/revisions\/67"}],"wp:attachment":[{"href":"https:\/\/relais-farfadets.net\/blog\/wp-json\/wp\/v2\/media?parent=66"}],"curies":[{"name":"wp","href":"https:\/\/api.w.org\/{rel}","templated":true}]}}